digit of 18823547?
4
What is the tens digit of 3327865?
6
What is the tens digit of 486441?
4
What is the hundred thousands digit of 27276431?
2
What is the thousands digit of 4969?
4
What is the hundred thousands digit of 6024838?
0
What is the ten thousands digit of 755321?
5
What is the tens digit of 137438?
3
What is the units digit of 12212?
2
What is the hundred thousands digit of 21381070?
3
What is the tens digit of 210796?
9
What is the hundreds digit of 22411295?
2
What is the tens digit of 3062364?
6
What is the ten thousands digit of 1961498?
6
What is the hundreds digit of 7671979?
9
What is the ten thousands digit of 2381493?
8
What is the millions digit of 10048752?
0
What is the hundred thousands digit of 7042441?
0
What is the thousands digit of 4385793?
5
What is the hundreds digit of 31263910?
9
What is the millions digit of 22926517?
2
What is the hundred thousands digit of 1113183?
1
What is the hundreds digit of 1370415?
4
What is the hundreds digit of 15423?
4
What is the ten thousands digit of 118169?
1
What is the tens digit of 42304?
0
What is the tens digit of 19414317?
1
What is the tens digit of 336331?
3
What is the hundreds digit of 7108535?
5
What is the thousands digit of 4171442?
1
What is the tens digit of 137339?
3
What is the units digit of 34610946?
6
What is the millions digit of 2744381?
2
What is the thousands digit of 793550?
3
What is the hundred thousands digit of 2954482?
9
What is the hundred thousands digit of 217904?
2
What is the units digit of 19436?
6
What is the thousands digit of 3932442?
2
What is the hundred thousands digit of 845421?
8
What is the ten thousands digit of 240793?
4
What is the tens digit of 208763?
6
What is the ten thousands digit of 3679054?
7
What is the thousands digit of 294777?
4
What is the units digit of 1019245?
5
What is the tens digit of 5597146?
4
What is the hundred thousands digit of 6570176?
5
What is the units digit of 3194890?
0
What is the thousands digit of 9398885?
8
What is the millions digit of 3052877?
3
What is the tens digit of 624006?
0
What is the hundreds digit of 270760?
7
What is the ten thousands digit of 156567?
5
What is the tens digit of 5444733?
3
What is the tens digit of 1750840?
4
What is the ten thousands digit of 193919?
9
What is the units digit of 1963466?
6
What is the hundreds digit of 14136822?
8
What is the ten millions digit of 26208764?
2
What is the hundreds digit of 6103310?
3
What is the thousands digit of 2169354?
9
What is the millions digit of 11862333?
1
What is the thousands digit of 11550081?
0
What is the ten thousands digit of 156244?
5
What is the thousands digit of 114489?
4
What is the units digit of 17602824?
4
What is the tens digit of 5244031?
3
What is the units digit of 9901119?
9
What is the ten thousands digit of 4842680?
4
What is the ten thousands digit of 27882?
2
What is the millions digit of 1476651?
1
What is the units digit of 23185002?
2
What is the hundreds digit of 12347156?
1
What is the millions digit of 1644943?
1
What is the millions digit of 1586771?
1
What is the hundreds digit of 87087?
0
What is the millions digit of 7667077?
7
What is the hundred thousands digit of 190116?
1
What is the hundreds digit of 20662629?
6
What is the hundreds digit of 372629?
6
What is the units digit of 2305685?
5
What is the thousands digit of 63461?
3
What is the ten thousands digit of 5931929?
3
What is the ten thousands digit of 76706?
7
What is the hundred thousands digit of 180708?
1
What is the thousands digit of 873621?
3
What is the hundreds digit of 1616383?
3
What is the ten millions digit of 13036559?
1
What is the thousands digit of 775929?
5
What is the tens digit of 5451068?
6
What is the units digit of 1133050?
0
What is the ten thousands digit of 538013?
3
What is the tens digit of 220058?
5
What is the thousands digit of 221029?
1
What is the thousands digit of 1224058?
4
What is the hundreds digit of 166089?
0
What is the thousands digit of 178956?
8
What is the ten thousands digit of 26690841?
9
What is the millions digit of 3228709?
3
What is the units digit of 109224?
4
What is the hundreds digit of 514839?
8
What is the ten thousands digit of 8845991?
4
What is the millions digit of 4157563?
4
What is the thousands digit of 5357553?
7
What is the thousands digit of 189930?
9
What is the hundreds digit of 426647?
6
What is the hundred thousands digit of 137110?
1
What is the hundreds digit of 568164?
1
What is the hundred thousands digit of 1953404?
9
What is the ten thousands digit of 666516?
6
What is the hundred thousands digit of 6682355?
6
What is the hundreds digit of 92765?
7
What is the ten thousands digit of 25862?
2
What is the tens digit of 15538723?
2
What is the thousands digit of 1424249?
4
What is the ten millions digit of 15841705?
1
What is the ten thousands digit of 254146?
5
What is the ten thousands digit of 1483409?
8
What is the ten thousands digit of 550843?
5
What is the hundreds digit of 733790?
7
What is the hundreds digit of 3937878?
8
What is the ten thousands digit of 408703?
0
What is the hundred thousands digit of 1448867?
4
What is the units digit of 206011?
1
What is the millions digit of 1725720?
1
What is the hundred thousands digit of 9407743?
4
What is the hundred thousands digit of 3069203?
0
What is the hundreds digit of 29966474?
4
What is the hundreds digit of 1490474?
4
What is the units digit of 7914274?
4
What is the ten thousands digit of 6898420?
9
What is the hundreds digit of 2488392?
3
What is the units digit of 196582?
2
What is the ten thousands digit of 466635?
6
What is the tens digit of 28430?
3
What is the hundreds digit of 4386479?
4
What is the hundred thousands digit of 519488?
5
What is the units digit of 418286?
6
What is the tens digit of 6319995?
9
What is the tens digit of 988819?
1
What is the ten thousands digit of 1235855?
3
What is the thousands digit of 133474?
3
What is the ten thousands digit of 638300?
3
What is the ten thousands digit of 1138788?
3
What is the thousands digit of 1916717?
6
What is the hundred thousands digit of 6635801?
6
What is the hundred thousands digit of 2697662?
6
What is the hundreds digit of 4476081?
0
What is the hundreds digit of 11591375?
3
What is the millions digit of 8840573?
8
What is the tens digit of 823008?
0
What is the hundreds digit of 905648?
6
What is the tens digit of 4770337?
3
What is the units digit of 400561?
1
What is the hundred thousands digit of 26903778?
9
What is the hundreds digit of 176956?
9
What is the ten thousands digit of 610267?
1
What is the ten thousands digit of 15601195?
0
What is the ten thousands digit of 9684759?
8
What is the ten millions digit of 33995056?
3
What is the thousands digit of 5695291?
5
What is the hundreds digit of 302432?
4
What is the ten thousands digit of 5848285?
4
What is the millions digit of 1867936?
1
What is the tens digit of 448683?
8
What is the hundred thousands digit of 2198483?
1
What is the ten thousands digit of 165010?
6
What is the units digit of 10468146?
6
What is the hundred thousands digit of 2449593?
4
What is the tens digit of 1845304?
0
What is the millions digit of 1066168?
1
What is the units digit of 1766522?
2
What is the tens digit of 178803?
0
What is the tens digit of 1909414?
1
What is the ten millions digit of 12228716?
1
What is the units digit of 374902?
2
What is the hundred thousands digit of 11809911?
8
What is the tens digit of 254882?
8
What is the thousands digit of 757613?
7
What is the millions digit of 2807089?
2
What is the tens digit of 230987?
8
What is the millions digit of 1476383?
1
What is the ten thousands digit of 14359254?
5
What is the ten thousands digit of 16393857?
9
What is the ten thousands digit of 123466?
2
What is the thousands digit of 38645?
8
What is the hundred thousands digit of 707732?
7
What is the ten thousands digit of 1820914?
2
What is the hundreds digit of 1448844?
8
What is the tens digit of 1955436?
3
What is the thousands digit of 2301486?
1
What is the units digit of 287398?
8
What is the hundreds digit of 177639?
6
What is the hundred thousands digit of 618147?
6
What is the thousands digit of 5541501?
1
What is the millions digit of 2496812?
2
What 